Let z be f(-2). Suppose -z*d + 6942 = -0*p + 2*p, -2*p + 3*d = -6942. Let x = p - 2194. Is x a prime number?
True
Is (-1 - 1)/(-12*(-12)/(-85638888)) prime?
False
Let m = 491562 - -246347. Is m a composite number?
True
Is (-1628606)/(-4)*214/749 composite?
False
Let y(h) be the second derivative of h**6/60 + h**5/120 - 3*h**4/2 - 14*h. Let l(i) be the third derivative of y(i). Is l(13) a prime number?
True
Suppose i = h - 1181, -7*i - 3 = -10*i. Let y = -659 + h. Is y a composite number?
False
Suppose 0 = -2*z - 3*c + 893384, z - 2*c - 158070 = 288643. Is z composite?
True
Suppose -2*j - 5*s - 125 = 6, j + 52 = 2*s. Let c = 62 + j. Is 4 + -2 - 458*(-6)/c prime?
False
Let a be (-4)/(-2)*(-15)/(-6). Suppose -3*v = v + 4*u + 20, -2*v + a*u = 17. Is 2/v - ((-9805)/3 - -3) a composite number?
True
Let d = -564839 + 391833. Is d/(-69)*(1 - -2) a prime number?
False
Let w(m) = 2533*m - 1462. Is w(45) prime?
False
Suppose -4*y + 2333953 = -37683. Suppose -114774 = 35*m - y. Is m a prime number?
False
Suppose -5*a = 7*a + 1224. Let t = 105 + a. Suppose -t*d + 4233 = 3*g, -g - 2*d + 1403 = d. Is g prime?
False
Suppose 7*j - 2*j = 3*m + 184, 0 = -3*j - 3*m + 96. Let d(h) = h**3 - 28*h**2 - 44*h - 4. Is d(j) a composite number?
True
Let q(j) = j**3 + 10*j**2 + 5*j + 5. Let f be -3 - (4 + -3 + 3). Let v be q(f). Suppose -4*o + v = -479. Is o prime?
True
Let p(j) be the second derivative of 331*j**4/12 + j**2 - 6*j. Let n(k) = 663*k**2 - k + 4. Let f(m) = -2*n(m) + 5*p(m). Is f(-1) a prime number?
False
Let r = 247 + -210. Suppose -42*b + r*b = 10, -2*b + 2254 = g. Is g a prime number?
False
Let t(f) = 3*f**2 - 27*f + 57. Let u be t(5). Is (3 - 1*26826)/u composite?
False
Let c(i) = -61*i**2 - 14 + 20*i**3 - 4*i + 125*i**2 - 62*i**2. Let r be c(5). Suppose -4*g + 0*g = -r. Is g composite?
True
Suppose -3*x + 56331 = 3*q, 3*q = 4*x + 8329 + 47946. Is q a composite number?
True
Let d(c) = -6*c**2 - 26*c + 17657. Is d(0) a prime number?
True
Let i be (-28)/(-21)*9/6. Suppose 12*j + 767 = r + 7*j, -1558 = -i*r + 4*j. Is r composite?
False
Is (-10)/4*(-299)/897*10648614/5 prime?
True
Let w be (-25)/10*(-6)/15*-4. Let l(r) be the first derivative of -3*r**4/4 - 5*r**3/3 + r**2/2 + 3*r + 1. Is l(w) prime?
False
Let b be (-3)/(18/12668) - (-23)/69. Let m = b + 4362. Is m a composite number?
False
Suppose 17*w = -5*w + 17280798 - 1306004. Is w composite?
True
Suppose -112*t + 356093 = 4*m - 111*t, -5*t = -5*m + 445110. Is m prime?
False
Let c = 71 + 8. Let d(z) = -z**3 - 3*z**2 - z - 31. Let q be d(-4). Is (c/(-3))/(q/33) composite?
False
Let v(t) = 9 + 673*t**3 - 9*t**2 - 3*t - 6*t**2 + 2*t**2 + 5*t**2 + 3*t**2. Is v(4) prime?
True
Let q(i) be the second derivative of -44/3*i**3 + 0 + 15*i**2 + 34*i. Is q(-4) a composite number?
True
Let n(o) = -231*o - 1132. Is n(-9) prime?
True
Suppose 198*c + 22615 = 203*c. Suppose -2*w - 7254 = -4*m, -w = -4*m - c + 11772. Is m a prime number?
True
Suppose -3*b = 3, -5*o = 5*b - 3 - 12. Suppose -5*m - z - 3001 = -26111, 0 = -5*m + o*z + 23085. Is m a prime number?
True
Let z = -217 - -208. Is 1907*((7 - -3) + z) composite?
False
Let s be 1 - 27/(-7) - 27/(-189). Suppose 5659 = 2*r + r + i, s*i - 9415 = -5*r. Suppose 1944 + r = 8*o. Is o a composite number?
False
Suppose -3*x + 488850 = -3*u, 399099 = -5*x - 3*u + 1213825. Is x a prime number?
True
Let w(y) = 18*y - 30*y + 78 - 25*y + 1. Is w(-16) composite?
True
Let x = -78882 - -135099. Suppose 6*b = x + 14697. Is b composite?
True
Suppose -3*f + 3112014 = 10*f + 1076045. Is f prime?
False
Suppose 96 = -v + 108. Let n be (1/(-2))/(6/v)*2. Is 1055*-5*n/10 a composite number?
True
Suppose 285*a - 335*a + 219350 = 0. Is a prime?
False
Let f be 36/6*6247 - (1 - 4). Suppose 8*u - 31179 = f. Is u prime?
False
Suppose 5*x - 3*g - 72 = 0, 8*x + g = 4*x + 44. Is (x/9)/(2*(-8)/(-58332)) a prime number?
True
Let t(v) = -v + 1. Let n(r) = -16*r**2 + 7*r + 10. Let f(z) = -n(z) + 3*t(z). Let p be f(6). Suppose -x - p = -3*x + d, 0 = -x + d + 255. Is x composite?
True
Let h(k) = -2*k**3 - 2*k**2 + 2*k. Let s be h(1). Let c be (8/(-6))/s*-6. Is -17*(-7 + c) - 0 prime?
False
Let k be ((-7)/((-84)/135))/(9/(-24)). Let v(u) = -2*u**3 - 31*u**2 + 4*u - 11. Is v(k) composite?
False
Is (-29731816)/(-20) - (-84)/420 a prime number?
True
Suppose -6*k + 39 = -7*k. Let j = -30 - k. Suppose -j*f + 11*f = 2414. Is f composite?
True
Let x(y) = 466*y**2 - 178*y - 37. Is x(-24) prime?
True
Suppose -f = 3*r + 15, -3*f - r - 4*r = 29. Is f + (971 + -3 - -8) composite?
True
Let n be 1026/1 + (-14 - -6) + 6. Let d = 8841 - n. Is d a prime number?
True
Let w = -333408 + 649099. Is w prime?
True
Let c(h) = -h**2 + h - 1. Let d be c(1). Suppose 50*v - 6502 = 1398. Let q = v + d. Is q a prime number?
True
Suppose -19169 - 279352 = -3*j + 3*d, 3*j + d - 298537 = 0. Is j prime?
False
Suppose -18*v = -8*v + 19080. Let g be (v/42)/((-2)/42). Let l = g + 967. Is l prime?
False
Let d(t) = t**3. Let j(m) = m**3 + 12*m**2 - 4*m + 25. Let a(v) = -2*d(v) + j(v). Let u be a(12). Let w(p) = p**3 + 24*p**2 + 22*p + 28. Is w(u) a prime number?
False
Suppose 3*z = -v - 492 + 166, 6 = -3*v. Let i = 1367 + z. Is i composite?
False
Suppose 4*i = r - 210, 6*r + 4 = 4*r. Let s = 42 + i. Let j(m) = -148*m + 3. Is j(s) composite?
True
Is (-56346)/(-8) - (13 - 0)/52 prime?
True
Let s(t) = -31*t**3 - 1 - 10*t + 161*t**3 + 369*t**3 + 433*t**3 + 3. Is s(2) prime?
False
Let h be 204836/3 - 22/33. Suppose -4*a - 2*o = -h, -124322 = -5*a - o - 38982. Is a a prime number?
False
Let z(l) = 7787*l**2 + 183*l - 553. Is z(3) a prime number?
True
Let w be (-5)/(25/5) + 1/1. Suppose -17*c = -20*c + 14820. Suppose 0 = -5*t + 4*j + j + c, 3*j - 9 = w. Is t a composite number?
False
Let x(q) = 28*q**2 + 79*q + 19. Let u(s) = 2*s**2 + 26*s + 42. Let n be u(-10). Is x(n) a prime number?
True
Let y(n) = -n**3 + 13*n**2 - 53*n - 72. Let r be y(-21). Let v = r + -3888. Is v a composite number?
True
Suppose -2*t + 2*m + 2878 = 0, -2*t - 346*m = -343*m - 2888. Is t a prime number?
False
Let m(v) = 27*v + 2. Let f be (-1 - 2)*30/18. Let x be m(f). Let j = 90 - x. Is j a composite number?
False
Suppose 3*w + 14 = 2*w - 3*x, 3*x = 4*w - 19. Let n be (-13 - -12)*(-12)/(w + -3). Is 2/3*-4529*9/n a prime number?
False
Suppose 56*n = -566483 + 1812315. Is n a prime number?
True
Suppose 1626701 = y - 19*x + 22*x, 2*y - 3253402 = x. Is y prime?
True
Let l(z) = -39927*z - 20 + 20363*z + 20101*z. Let t(n) = n**3 - 5*n**2 + 3. Let i be t(5). Is l(i) a composite number?
True
Let m be (0 - 12)*(-2)/(-12)*-2. Suppose -h = m*h. Suppose h = -4*c + 2*c + 62. Is c prime?
True
Let z = -11400 - -22836. Let y = -7353 + z. Is y a composite number?
True
Suppose 2*q - 6*q = -20. Suppose 3*h = 4*h - 4*s + 4, -q*h + 4*s = -12. Suppose -2*u - h*j = j - 1295, -j = 3. Is u composite?
True
Suppose 3*k - 9 = 0, 4*k = -4*j - j + 17. Suppose -5*w = -11 + j. Suppose -21425 = -5*g + 2*c, 7*c = w*c. Is g composite?
True
Suppose -177*l + 33230 = -175*l. Is l a prime number?
False
Is ((-88)/(-48))/(-11) + (62113/6 - 7) a composite number?
True
Let w = -42409 - -110982. Is w prime?
False
Let r(m) = 102041*m**2 - 55*m - 105. Is r(-2) prime?
True
Is (30 - 25)/((-222504)/44501 - -5) composite?
True
Suppose 4*l + 22 = -5*w, 2*l - 5*w = 4*l + 16. Let t be ((-45)/(-30))/(l/(-46)). Suppose 4*f - t - 37 = 0. Is f a prime number?
False
Let f(n) = n**2 + 12*n + 8. Let o = -23 + 11. Let l be f(o). Suppose -4*b = -l*b + 2948. Is b a composite number?
True
Suppose -2*b = -n - 2*n - 37, 3*b = -n + 28. Let d(r) = -r**3 + 10*r**2 + 14*r + 2. Let a be d(b). Suppose 1242 = q - a. Is q prime?
True
Is (3/(-6)*7)/((-3)/8634) prime?
False
Let m(n) = 15*n + 4. Let k be m(-2). Let f(o) = -o**3 - 23*o**2 + 43*o - 23. Is f(k) a prime number?
True
Suppose 354*k = 368*k - 44282. Is k composite?
False
Suppose -2*v = -3*m - 25 + 3, 3*v - 3*m - 36 = 0. Suppose -2*x - 2*l = v, 23 = x + l - 6*l. Is (x/8)/(1/(-1348)) prime?
True
Let q = -79 + 131. Let x(j) = 1 - 5 + 3 - q*j. Is x(-1) prime?
False
Suppose -7 = x - 3*h, h - 15 = -4*h. Suppose p - 4 = -z, -x*p - 2*p + 16 = -z. Suppose z = a - 83 - 38. Is a composite?
True
Let r be 5/((-2)/16*(-2 - 6)). Is (326/r)/(-1)*(-320)/64 a prime number?
False
Let s = 664 - 663. Is 3114/10 +